lculate the remainder when 8 is divided by m/(-3) + -1 + 5.
3
Let k(z) = 5*z - 28. Calculate the remainder when 25 is divided by k(7).
4
Suppose 4*x + x = -40. Calculate the remainder when 26 is divided by (-3)/(-1) + (3 - x).
12
Let x = -20 + 60. Let p be 2/(-9) - (-1264)/18. Suppose 5*o - q = p, 2*q = 2*o - 0*q - 28. What is the remainder when x is divided by o?
12
Let x(n) = -n**3 + 4*n**2 + 13*n - 3. Calculate the remainder when x(6) is divided by 2.
1
Let n be 0 + (-6)/(-4)*2. Suppose -n*l + 6*l = -12. Calculate the remainder when 12 is divided by (l/(-8))/((-2)/(-28)).
5
Let z = 72 + 44. Let b = z + -75. Suppose -4*f + 14 + 42 = 0. Calculate the remainder when b is divided by f.
13
Suppose 5*o + 6 = 21, -5*o = -3*h + 12. Calculate the remainder when h is divided by 5.
4
Let r(z) = z**3 + 14*z**2 - 16*z - 17. Calculate the remainder when r(-14) is divided by 42.
39
Suppose 0 = -v + o + 40, 3*o + 79 + 77 = 4*v. Let c(h) be the first derivative of h**3/3 + 3*h - 4. Calculate the remainder when v is divided by c(4).
17
Let v(a) = -a**2 - 9*a - 9. Let i = -2 + 4. What is the remainder when i - (45*-1)/3 is divided by v(-6)?
8
Suppose -3*z + 13 = -17. What is the remainder when 62 is divided by (-20)/(-50) + 206/z?
20
Let y = 1 - 18. What is the remainder when 32 is divided by 0/(2 + 0) - y?
15
Let i be 6/(0 - (2 - 3)). Let h(q) = q**3 - 5*q**2 - 5*q + 5. What is the remainder when 31 is divided by h(i)?
9
Suppose -29 - 35 = -4*q. What is the remainder when 31 is divided by q?
15
Let i = -141 + 205. What is the remainder when i is divided by 18?
10
Let r(h) = 6*h - 8. Suppose u + 1 = -2*i, u = 4*u - 2*i - 29. Calculate the remainder when r(u) is divided by 18.
16
Suppose 0 = -3*o + 5*x - 6, 5*o + 4*x - 21 = 2*x. Let v = -2 + o. What is the remainder when 2 is divided by v?
0
Let b = -6 + 78. Calculate the remainder when b is divided by 25.
22
Suppose 4*s - 5*s = -1. What is the remainder when 1 is divided by s?
0
Suppose 2*m - 2 = 14. Suppose -8*t + 4*t = -m. Suppose 3*o - 46 = o + 4*y, -86 = -4*o + t*y. What is the remainder when o is divided by 6?
3
Suppose 30 - 24 = 3*z. Let a = -2 + 4. Calculate the remainder when a is divided by (z/(-3))/((-3)/9).
0
Let f be (-6)/15 + (-93)/5. Let k = f - -58. Suppose k = 2*y + 11. Calculate the remainder when 40 is divided by y.
12
What is the remainder when (-157)/(-4) + (-3)/12 is divided by (-20)/(-16)*(5 - -3)?
9
Let g(f) = -2*f + 37. Let a(u) = u**3 - 4*u**2 + 2*u + 5. Calculate the remainder when g(6) is divided by a(4).
12
Let q(p) = p**2 + 9*p. What is the remainder when q(-16) is divided by 39?
34
Let r(o) = o**2 + 11*o + 6. Let q be r(-5). Let a(v) = v - 8. Let j be a(0). Let y = j - q. Calculate the remainder when 47 is divided by y.
15
Let f(p) = p**2 + 2*p - 14. Calculate the remainder when f(-8) is divided by 9.
7
Suppose 20 = 5*x + 5*r, r = -7*x + 4*x + 14. Suppose q - x*f = -7, -3*f + 29 = q + f. Calculate the remainder when 25 is divided by q.
12
Let s(o) = -3*o + 1. Let t(u) = -u**2 - 4*u - 3. Let w be t(-4). Calculate the remainder when s(-2) is divided by -2 + (-18)/(w - 0).
3
Let x(g) = 5*g**2 + g - 2. Suppose -t + z = -45, -1 + 3 = z. Calculate the remainder when t is divided by x(-2).
15
Let u(h) = -h**2 - 13*h - 9. Let p(y) = -5*y**2 - 2*y**2 + 2 + 6*y**2 - 4*y. What is the remainder when u(-12) is divided by p(-4)?
1
Suppose -110 = -12*m + 2*m. Let b = 3 - -3. Calculate the remainder when m is divided by b.
5
Let p = 102 - 88. What is the remainder when 69 is divided by p?
13
Suppose -5*s = -5 - 5. Let m = 3 - s. Suppose -5*k = 5*k - 20. Calculate the remainder when k is divided by m.
0
Let s = 33 - 16. Let h(o) = -11*o**2 + 8*o**2 + o**3 - 3 - 8 - 6*o**2 - 4*o. What is the remainder when h(10) is divided by s?
15
Suppose -63 = 6*k - 7*k. Suppose 9*v = 6*v + k. Let u = -28 - -39. Calculate the remainder when v is divided by u.
10
Calculate the remainder when 24 is divided by ((-338)/26)/(-1 - (0 - 0)).
11
Suppose -2*c + 4*c + 4 = 0. Calculate the remainder when 16 is divided by 10 + 1 + 4/c.
7
What is the remainder when -1 + (11 + -2)*2 is divided by 6?
5
Let z(r) = 2*r**3 - r**2 - 2 - 5*r**3 - 2*r + 2*r**3. Let s be z(-2). Suppose s*w = w + 60. Calculate the remainder when 35 is divided by w.
11
Let z = -5 - -5. Suppose -4*y = -4*v + 248, z*v + 5*y = v - 74. What is the remainder when v is divided by 15?
14
Suppose -4*p = -3*u - 29, -32 = -p - 5*u + 4. What is the remainder when p is divided by 3?
2
Let d(l) = l**3 + 14*l**2 + 9*l + 2. Calculate the remainder when d(-13) is divided by 14.
12
Let k(z) be the first derivative of 17*z**3/3 + z**2/2 - z + 1. Let t be (2/12)/(5/30). What is the remainder when k(t) is divided by 9?
8
Let w = -70 + 133. What is the remainder when w is divided by 16?
15
Let i(l) = 2*l + 10. What is the remainder when 46 is divided by i(7)?
22
Let m(d) = -2*d**3 + 0*d - 2*d + 1 + 4*d + d**2. Let t = -6 + 9. What is the remainder when t is divided by m(-1)?
1
Calculate the remainder when 38 is divided by 10/(3/1 - (-10)/(-4)).
18
Suppose -5*q - 165 = -4*t, 2*q - q - 65 = -2*t. Let w = t - -6. Suppose 0 = 2*k + k - 63. What is the remainder when w is divided by k?
20
Let f = 17 - 7. Let o(p) = -p + 22. Calculate the remainder when f + (3*-1 - -1) is divided by o(17).
3
Let x = -110 - -122. Calculate the remainder when 70 is divided by x.
10
Calculate the remainder when 4*-1*(4 + (-45)/6) is divided by 9.
5
Suppose -2 = -2*x + 4. Suppose x*c = 3*i + 228, 2*i + 375 = 5*c - 2*i. Calculate the remainder when c is divided by 18.
17
Let z be ((-1)/(3/42))/(-2). Suppose -4*i = v - 9, 2*i + 4*v - v = z. What is the remainder when (1 + 2)/(0 - -1) is divided by i?
1
Suppose 14 = w + 4*f, -4*w + 80 = -5*f - 39. Calculate the remainder when 154 is divided by w.
24
Suppose i + 4*i - 10 = 0. Suppose i*m - 6*m + 12 = 0. Suppose -2*y + 7*y - 55 = v, y + m*v = -5. Calculate the remainder when y is divided by 4.
2
Suppose 2*c + 0*c = -16. Let s = c - -12. Let u(i) = 2*i + 1. Calculate the remainder when s is divided by u(1).
1
Let d(h) = 4*h**2. Let o = -7 + 6. Suppose -2 + 5 = n. Calculate the remainder when d(o) is divided by n.
1
Let q(p) = 5*p - 3. Calculate the remainder when q(3) is divided by 8.
4
Suppose 0*w = -2*w - 2*m + 28, -5*m + 55 = 4*w. Calculate the remainder when w is divided by 5.
0
Suppose -k = -4*x - 126, -2*k + 0*x + 241 = 3*x. What is the remainder when k is divided by 21?
17
Let w(s) = s**3 - 4*s**2 - 10*s + 14. What is the remainder when 129 is divided by w(6)?
25
Let v = -45 - -103. What is the remainder when v is divided by ((-30)/(-21))/((-3)/(-21))?
8
Suppose 3*m + 29 = 6*m + 2*c, -m = 4*c - 13. Let j = -22 - -46. Calculate the remainder when j is divided by m.
6
Let a(x) = x + 1. Let u = 4 - -2. Let f be 29/9 - u/27. What is the remainder when 10 is divided by a(f)?
2
Let o(u) = u**3 + 5*u**2 - u + 3. Calculate the remainder when 1/6 - 274/(-12) is divided by o(-5).
7
Let u(v) be the first derivative of 2*v**2 - 11*v - 3. What is the remainder when 36 is divided by u(6)?
10
Let i = -98 - -98. Let m(a) = a**2 - 5*a - 3. Let s be m(6). Calculate the remainder when 9 is divided by (-1)/(s/(-18)) - i.
3
Suppose -v = -2*v - 4*u + 30, -18 = -v - u. Let d = -9 - -25. Suppose 10 + d = z. Calculate the remainder when z is divided by v.
12
Suppose -x - 142 = z, 3*z + 0*z + 565 = -4*x. Let o(d) = -d**2 + 8*d - 6. What is the remainder when x/(-4) + (-2)/(-8) is divided by o(5)?
8
Let t(o) = o**2 - 6*o + 4. Let r be 338/39 + 2/(-3). What is the remainder when t(r) is divided by 7?
6
Suppose 4*y + 4*s = -3 + 11, -2*s - 14 = -y. Calculate the remainder when 21 is divided by y.
3
Suppose -7*p + 1 = -2*y - 2*p, -4*y + 4*p = -28. What is the remainder when 34 is divided by y?
10
Let v = 55 - 33. What is the remainder when 42 is divided by v?
20
Let k(v) = -v**2 + 7*v. Suppose 0 = -3*m + 4 + 2. What is the remainder when 17 + (-1 - (1 - m)) is divided by k(6)?
5
Calculate the remainder when 28 is divided by (3/2*-34)/(-3).
11
Let k = -18 + 40. Let b(u) = 4 + 3*u**2 - 7*u**2 - u**3 - 2*u + u. Calculate the remainder when k is divided by b(-4).
6
Let w = 9 - 5. Suppose -23*c + 19*c + 8 = 0. Calculate the remainder when w is divided by c.
0
Let d(p) = -p**3 - 